[INFO] cloning repository https://github.com/benglard/RustyNet
[INFO] running `Command { std: "git" "-c" "credential.helper=" "-c" "credential.helper=/workspace/cargo-home/bin/git-credential-null" "clone" "--bare" "https://github.com/benglard/RustyNet" "/workspace/cache/git-repos/https%3A%2F%2Fgithub.com%2Fbenglard%2FRustyNet", kill_on_drop: false }`
[INFO] [stderr] Cloning into bare repository '/workspace/cache/git-repos/https%3A%2F%2Fgithub.com%2Fbenglard%2FRustyNet'...
[INFO] running `Command { std: "git" "rev-parse" "HEAD", kill_on_drop: false }`
[INFO] [stdout] 9dd8d77427a33fb470bd56dc8830597edf80268b
[INFO] checking benglard/RustyNet against master#e6e4f7ed1589e03bc2f6c5931c1a72e7947e8682 for beta-170-4
[INFO] running `Command { std: "git" "clone" "/workspace/cache/git-repos/https%3A%2F%2Fgithub.com%2Fbenglard%2FRustyNet" "/workspace/builds/worker-3-tc2/source", kill_on_drop: false }`
[INFO] [stderr] Cloning into '/workspace/builds/worker-3-tc2/source'...
[INFO] [stderr] done.
[INFO] validating manifest of git repo https://github.com/benglard/RustyNet on toolchain e6e4f7ed1589e03bc2f6c5931c1a72e7947e8682
[INFO] running `Command { std: CARGO_HOME="/workspace/cargo-home" RUSTUP_HOME="/workspace/rustup-home" "/workspace/cargo-home/bin/cargo" "+e6e4f7ed1589e03bc2f6c5931c1a72e7947e8682" "metadata" "--manifest-path" "Cargo.toml" "--no-deps", kill_on_drop: false }`
[INFO] started tweaking git repo https://github.com/benglard/RustyNet
[INFO] finished tweaking git repo https://github.com/benglard/RustyNet
[INFO] tweaked toml for git repo https://github.com/benglard/RustyNet written to /workspace/builds/worker-3-tc2/source/Cargo.toml
[INFO] crate git repo https://github.com/benglard/RustyNet already has a lockfile, it will not be regenerated
[INFO] running `Command { std: CARGO_HOME="/workspace/cargo-home" RUSTUP_HOME="/workspace/rustup-home" "/workspace/cargo-home/bin/cargo" "+e6e4f7ed1589e03bc2f6c5931c1a72e7947e8682" "fetch" "--manifest-path" "Cargo.toml", kill_on_drop: false }`
[INFO] running `Command { std: "docker" "create" "-v" "/var/lib/crater-agent-workspace/builds/worker-3-tc2/target:/opt/rustwide/target:rw,Z" "-v" "/var/lib/crater-agent-workspace/builds/worker-3-tc2/source:/opt/rustwide/workdir:ro,Z" "-v" "/var/lib/crater-agent-workspace/cargo-home:/opt/rustwide/cargo-home:ro,Z" "-v" "/var/lib/crater-agent-workspace/rustup-home:/opt/rustwide/rustup-home:ro,Z" "-e" "SOURCE_DIR=/opt/rustwide/workdir" "-e" "CARGO_TARGET_DIR=/opt/rustwide/target" "-e" "CARGO_HOME=/opt/rustwide/cargo-home" "-e" "RUSTUP_HOME=/opt/rustwide/rustup-home" "-w" "/opt/rustwide/workdir" "-m" "1610612736" "--user" "0:0" "--network" "none" "ghcr.io/rust-lang/crates-build-env/linux@sha256:19e73879b68f455e41552ea35293514db52ea292d993f571636dbffedb77a1ee" "/opt/rustwide/cargo-home/bin/cargo" "+e6e4f7ed1589e03bc2f6c5931c1a72e7947e8682" "metadata" "--no-deps" "--format-version=1", kill_on_drop: false }`
[INFO] [stdout] 9360a6ff96aa58a692476f6978f3c9fae9193d69d28398e6e1733ed81a167fcc
[INFO] running `Command { std: "docker" "start" "-a" "9360a6ff96aa58a692476f6978f3c9fae9193d69d28398e6e1733ed81a167fcc", kill_on_drop: false }`
[INFO] running `Command { std: "docker" "inspect" "9360a6ff96aa58a692476f6978f3c9fae9193d69d28398e6e1733ed81a167fcc", kill_on_drop: false }`
[INFO] running `Command { std: "docker" "rm" "-f" "9360a6ff96aa58a692476f6978f3c9fae9193d69d28398e6e1733ed81a167fcc", kill_on_drop: false }`
[INFO] [stdout] 9360a6ff96aa58a692476f6978f3c9fae9193d69d28398e6e1733ed81a167fcc
[INFO] running `Command { std: "docker" "create" "-v" "/var/lib/crater-agent-workspace/builds/worker-3-tc2/target:/opt/rustwide/target:rw,Z" "-v" "/var/lib/crater-agent-workspace/builds/worker-3-tc2/source:/opt/rustwide/workdir:ro,Z" "-v" "/var/lib/crater-agent-workspace/cargo-home:/opt/rustwide/cargo-home:ro,Z" "-v" "/var/lib/crater-agent-workspace/rustup-home:/opt/rustwide/rustup-home:ro,Z" "-e" "SOURCE_DIR=/opt/rustwide/workdir" "-e" "CARGO_TARGET_DIR=/opt/rustwide/target" "-e" "CARGO_INCREMENTAL=0" "-e" "RUST_BACKTRACE=full" "-e" "RUSTFLAGS=--cap-lints=forbid" "-e" "RUSTDOCFLAGS=--cap-lints=forbid" "-e" "CARGO_HOME=/opt/rustwide/cargo-home" "-e" "RUSTUP_HOME=/opt/rustwide/rustup-home" "-w" "/opt/rustwide/workdir" "-m" "1610612736" "--user" "0:0" "--network" "none" "ghcr.io/rust-lang/crates-build-env/linux@sha256:19e73879b68f455e41552ea35293514db52ea292d993f571636dbffedb77a1ee" "/opt/rustwide/cargo-home/bin/cargo" "+e6e4f7ed1589e03bc2f6c5931c1a72e7947e8682" "check" "--frozen" "--all" "--all-targets" "--message-format=json", kill_on_drop: false }`
[INFO] [stdout] 6cc1342c5e723c3244827fe858cc8562a52712d201355e37240b370cfdfc18df
[INFO] running `Command { std: "docker" "start" "-a" "6cc1342c5e723c3244827fe858cc8562a52712d201355e37240b370cfdfc18df", kill_on_drop: false }`
[INFO] [stderr]     Checking libc v0.1.4
[INFO] [stdout] error[E0277]: the trait bound `glob_t: Clone` is not satisfied
[INFO] [stdout]    --> /opt/rustwide/cargo-home/registry/src/index.crates.io-6f17d22bba15001f/libc-0.1.4/rust/src/liblibc/lib.rs:230:26
[INFO] [stdout]     |
[INFO] [stdout] 230 |                 #[derive(Copy)] pub struct glob_t {
[INFO] [stdout]     |                          ^^^^ the trait `Clone` is not implemented for `glob_t`
[INFO] [stdout]     |
[INFO] [stdout] note: required by a bound in `Copy`
[INFO] [stdout]    --> /rustc/e6e4f7ed1589e03bc2f6c5931c1a72e7947e8682/library/core/src/marker.rs:450:1
[INFO] [stdout]     = note: this error originates in the derive macro `Copy` (in Nightly builds, run with -Z macro-backtrace for more info)
[INFO] [stdout] help: consider annotating `glob_t` with `#[derive(Clone)]`
[INFO] [stdout]     |
[INFO] [stdout] 230 |                 #[derive(Copy)] #[derive(Clone)]
[INFO] [stdout]     |                                 ++++++++++++++++
[INFO] [stdout] 
[INFO] [stdout] 
[INFO] [stdout] error[E0277]: the trait bound `timeval: Clone` is not satisfied
[INFO] [stdout]    --> /opt/rustwide/cargo-home/registry/src/index.crates.io-6f17d22bba15001f/libc-0.1.4/rust/src/liblibc/lib.rs:243:26
[INFO] [stdout]     |
[INFO] [stdout] 243 |                 #[derive(Copy)] pub struct timeval {
[INFO] [stdout]     |                          ^^^^ the trait `Clone` is not implemented for `timeval`
[INFO] [stdout]     |
[INFO] [stdout] note: required by a bound in `Copy`
[INFO] [stdout]    --> /rustc/e6e4f7ed1589e03bc2f6c5931c1a72e7947e8682/library/core/src/marker.rs:450:1
[INFO] [stdout]     = note: this error originates in the derive macro `Copy` (in Nightly builds, run with -Z macro-backtrace for more info)
[INFO] [stdout] help: consider annotating `timeval` with `#[derive(Clone)]`
[INFO] [stdout]     |
[INFO] [stdout] 243 |                 #[derive(Copy)] #[derive(Clone)]
[INFO] [stdout]     |                                 ++++++++++++++++
[INFO] [stdout] 
[INFO] [stdout] 
[INFO] [stdout] error[E0277]: the trait bound `timespec: Clone` is not satisfied
[INFO] [stdout]    --> /opt/rustwide/cargo-home/registry/src/index.crates.io-6f17d22bba15001f/libc-0.1.4/rust/src/liblibc/lib.rs:249:26
[INFO] [stdout]     |
[INFO] [stdout] 249 |                 #[derive(Copy)] pub struct timespec {
[INFO] [stdout]     |                          ^^^^ the trait `Clone` is not implemented for `timespec`
[INFO] [stdout]     |
[INFO] [stdout] note: required by a bound in `Copy`
[INFO] [stdout]    --> /rustc/e6e4f7ed1589e03bc2f6c5931c1a72e7947e8682/library/core/src/marker.rs:450:1
[INFO] [stdout]     = note: this error originates in the derive macro `Copy` (in Nightly builds, run with -Z macro-backtrace for more info)
[INFO] [stdout] help: consider annotating `timespec` with `#[derive(Clone)]`
[INFO] [stdout]     |
[INFO] [stdout] 249 |                 #[derive(Copy)] #[derive(Clone)]
[INFO] [stdout]     |                                 ++++++++++++++++
[INFO] [stdout] 
[INFO] [stdout] 
[INFO] [stdout] error[E0277]: the trait bound `timezone: Clone` is not satisfied
[INFO] [stdout]    --> /opt/rustwide/cargo-home/registry/src/index.crates.io-6f17d22bba15001f/libc-0.1.4/rust/src/liblibc/lib.rs:254:26
[INFO] [stdout]     |
[INFO] [stdout] 254 |                 #[derive(Copy)] pub enum timezone {}
[INFO] [stdout]     |                          ^^^^ the trait `Clone` is not implemented for `timezone`
[INFO] [stdout]     |
[INFO] [stdout] note: required by a bound in `Copy`
[INFO] [stdout]    --> /rustc/e6e4f7ed1589e03bc2f6c5931c1a72e7947e8682/library/core/src/marker.rs:450:1
[INFO] [stdout]     = note: this error originates in the derive macro `Copy` (in Nightly builds, run with -Z macro-backtrace for more info)
[INFO] [stdout] help: consider annotating `timezone` with `#[derive(Clone)]`
[INFO] [stdout]     |
[INFO] [stdout] 254 |                 #[derive(Copy)] #[derive(Clone)]
[INFO] [stdout]     |                                 ++++++++++++++++
[INFO] [stdout] 
[INFO] [stdout] 
[INFO] [stdout] error[E0277]: the trait bound `rlimit: Clone` is not satisfied
[INFO] [stdout]    --> /opt/rustwide/cargo-home/registry/src/index.crates.io-6f17d22bba15001f/libc-0.1.4/rust/src/liblibc/lib.rs:259:26
[INFO] [stdout]     |
[INFO] [stdout] 259 |                 #[derive(Copy)]
[INFO] [stdout]     |                          ^^^^ the trait `Clone` is not implemented for `rlimit`
[INFO] [stdout]     |
[INFO] [stdout] note: required by a bound in `Copy`
[INFO] [stdout]    --> /rustc/e6e4f7ed1589e03bc2f6c5931c1a72e7947e8682/library/core/src/marker.rs:450:1
[INFO] [stdout]     = note: this error originates in the derive macro `Copy` (in Nightly builds, run with -Z macro-backtrace for more info)
[INFO] [stdout] help: consider annotating `rlimit` with `#[derive(Clone)]`
[INFO] [stdout]     |
[INFO] [stdout] 260 +                 #[derive(Clone)]
[INFO] [stdout] 261 |                 pub struct rlimit {
[INFO] [stdout]     |
[INFO] [stdout] 
[INFO] [stdout] 
[INFO] [stdout] error[E0277]: the trait bound `rusage: Clone` is not satisfied
[INFO] [stdout]    --> /opt/rustwide/cargo-home/registry/src/index.crates.io-6f17d22bba15001f/libc-0.1.4/rust/src/liblibc/lib.rs:272:26
[INFO] [stdout]     |
[INFO] [stdout] 272 |                 #[derive(Copy)]
[INFO] [stdout]     |                          ^^^^ the trait `Clone` is not implemented for `rusage`
[INFO] [stdout]     |
[INFO] [stdout] note: required by a bound in `Copy`
[INFO] [stdout]    --> /rustc/e6e4f7ed1589e03bc2f6c5931c1a72e7947e8682/library/core/src/marker.rs:450:1
[INFO] [stdout]     = note: this error originates in the derive macro `Copy` (in Nightly builds, run with -Z macro-backtrace for more info)
[INFO] [stdout] 
[INFO] [stdout] 
[INFO] [stdout] error[E0277]: the trait bound `sockaddr: Clone` is not satisfied
[INFO] [stdout]    --> /opt/rustwide/cargo-home/registry/src/index.crates.io-6f17d22bba15001f/libc-0.1.4/rust/src/liblibc/lib.rs:302:26
[INFO] [stdout]     |
[INFO] [stdout] 302 |                 #[derive(Copy)] pub struct sockaddr {
[INFO] [stdout]     |                          ^^^^ the trait `Clone` is not implemented for `sockaddr`
[INFO] [stdout]     |
[INFO] [stdout] note: required by a bound in `Copy`
[INFO] [stdout]    --> /rustc/e6e4f7ed1589e03bc2f6c5931c1a72e7947e8682/library/core/src/marker.rs:450:1
[INFO] [stdout]     = note: this error originates in the derive macro `Copy` (in Nightly builds, run with -Z macro-backtrace for more info)
[INFO] [stdout] help: consider annotating `sockaddr` with `#[derive(Clone)]`
[INFO] [stdout]     |
[INFO] [stdout] 302 |                 #[derive(Copy)] #[derive(Clone)]
[INFO] [stdout]     |                                 ++++++++++++++++
[INFO] [stdout] 
[INFO] [stdout] 
[INFO] [stdout] error[E0277]: the trait bound `sockaddr_storage: Clone` is not satisfied
[INFO] [stdout]    --> /opt/rustwide/cargo-home/registry/src/index.crates.io-6f17d22bba15001f/libc-0.1.4/rust/src/liblibc/lib.rs:307:26
[INFO] [stdout]     |
[INFO] [stdout] 307 |                 #[derive(Copy)] pub struct sockaddr_storage {
[INFO] [stdout]     |                          ^^^^ the trait `Clone` is not implemented for `sockaddr_storage`
[INFO] [stdout]     |
[INFO] [stdout] note: required by a bound in `Copy`
[INFO] [stdout]    --> /rustc/e6e4f7ed1589e03bc2f6c5931c1a72e7947e8682/library/core/src/marker.rs:450:1
[INFO] [stdout]     = note: this error originates in the derive macro `Copy` (in Nightly builds, run with -Z macro-backtrace for more info)
[INFO] [stdout] help: consider annotating `sockaddr_storage` with `#[derive(Clone)]`
[INFO] [stdout]     |
[INFO] [stdout] 307 |                 #[derive(Copy)] #[derive(Clone)]
[INFO] [stdout]     |                                 ++++++++++++++++
[INFO] [stdout] 
[INFO] [stdout] 
[INFO] [stdout] error[E0277]: the trait bound `sockaddr_in: Clone` is not satisfied
[INFO] [stdout]    --> /opt/rustwide/cargo-home/registry/src/index.crates.io-6f17d22bba15001f/libc-0.1.4/rust/src/liblibc/lib.rs:316:26
[INFO] [stdout]     |
[INFO] [stdout] 316 |                 #[derive(Copy)] pub struct sockaddr_in {
[INFO] [stdout]     |                          ^^^^ the trait `Clone` is not implemented for `sockaddr_in`
[INFO] [stdout]     |
[INFO] [stdout] note: required by a bound in `Copy`
[INFO] [stdout]    --> /rustc/e6e4f7ed1589e03bc2f6c5931c1a72e7947e8682/library/core/src/marker.rs:450:1
[INFO] [stdout]     = note: this error originates in the derive macro `Copy` (in Nightly builds, run with -Z macro-backtrace for more info)
[INFO] [stdout] 
[INFO] [stdout] 
[INFO] [stdout] error[E0277]: the trait bound `in_addr: Clone` is not satisfied
[INFO] [stdout]    --> /opt/rustwide/cargo-home/registry/src/index.crates.io-6f17d22bba15001f/libc-0.1.4/rust/src/liblibc/lib.rs:323:26
[INFO] [stdout]     |
[INFO] [stdout] 323 |                 #[derive(Copy)] pub struct in_addr {
[INFO] [stdout]     |                          ^^^^ the trait `Clone` is not implemented for `in_addr`
[INFO] [stdout]     |
[INFO] [stdout] note: required by a bound in `Copy`
[INFO] [stdout]    --> /rustc/e6e4f7ed1589e03bc2f6c5931c1a72e7947e8682/library/core/src/marker.rs:450:1
[INFO] [stdout]     = note: this error originates in the derive macro `Copy` (in Nightly builds, run with -Z macro-backtrace for more info)
[INFO] [stdout] help: consider annotating `in_addr` with `#[derive(Clone)]`
[INFO] [stdout]     |
[INFO] [stdout] 323 |                 #[derive(Copy)] #[derive(Clone)]
[INFO] [stdout]     |                                 ++++++++++++++++
[INFO] [stdout] 
[INFO] [stdout] 
[INFO] [stdout] error[E0277]: the trait bound `sockaddr_in6: Clone` is not satisfied
[INFO] [stdout]    --> /opt/rustwide/cargo-home/registry/src/index.crates.io-6f17d22bba15001f/libc-0.1.4/rust/src/liblibc/lib.rs:327:26
[INFO] [stdout]     |
[INFO] [stdout] 327 |                 #[derive(Copy)] pub struct sockaddr_in6 {
[INFO] [stdout]     |                          ^^^^ the trait `Clone` is not implemented for `sockaddr_in6`
[INFO] [stdout]     |
[INFO] [stdout] note: required by a bound in `Copy`
[INFO] [stdout]    --> /rustc/e6e4f7ed1589e03bc2f6c5931c1a72e7947e8682/library/core/src/marker.rs:450:1
[INFO] [stdout]     = note: this error originates in the derive macro `Copy` (in Nightly builds, run with -Z macro-backtrace for more info)
[INFO] [stdout] 
[INFO] [stdout] 
[INFO] [stdout] error[E0277]: the trait bound `in6_addr: Clone` is not satisfied
[INFO] [stdout]    --> /opt/rustwide/cargo-home/registry/src/index.crates.io-6f17d22bba15001f/libc-0.1.4/rust/src/liblibc/lib.rs:335:26
[INFO] [stdout]     |
[INFO] [stdout] 335 |                 #[derive(Copy)] pub struct in6_addr {
[INFO] [stdout]     |                          ^^^^ the trait `Clone` is not implemented for `in6_addr`
[INFO] [stdout]     |
[INFO] [stdout] note: required by a bound in `Copy`
[INFO] [stdout]    --> /rustc/e6e4f7ed1589e03bc2f6c5931c1a72e7947e8682/library/core/src/marker.rs:450:1
[INFO] [stdout]     = note: this error originates in the derive macro `Copy` (in Nightly builds, run with -Z macro-backtrace for more info)
[INFO] [stdout] help: consider annotating `in6_addr` with `#[derive(Clone)]`
[INFO] [stdout]     |
[INFO] [stdout] 335 |                 #[derive(Copy)] #[derive(Clone)]
[INFO] [stdout]     |                                 ++++++++++++++++
[INFO] [stdout] 
[INFO] [stdout] 
[INFO] [stdout] error[E0277]: the trait bound `ip_mreq: Clone` is not satisfied
[INFO] [stdout]    --> /opt/rustwide/cargo-home/registry/src/index.crates.io-6f17d22bba15001f/libc-0.1.4/rust/src/liblibc/lib.rs:339:26
[INFO] [stdout]     |
[INFO] [stdout] 339 |                 #[derive(Copy)] pub struct ip_mreq {
[INFO] [stdout]     |                          ^^^^ the trait `Clone` is not implemented for `ip_mreq`
[INFO] [stdout]     |
[INFO] [stdout] note: required by a bound in `Copy`
[INFO] [stdout]    --> /rustc/e6e4f7ed1589e03bc2f6c5931c1a72e7947e8682/library/core/src/marker.rs:450:1
[INFO] [stdout]     = note: this error originates in the derive macro `Copy` (in Nightly builds, run with -Z macro-backtrace for more info)
[INFO] [stdout] 
[INFO] [stdout] 
[INFO] [stdout] error[E0277]: the trait bound `ip6_mreq: Clone` is not satisfied
[INFO] [stdout]    --> /opt/rustwide/cargo-home/registry/src/index.crates.io-6f17d22bba15001f/libc-0.1.4/rust/src/liblibc/lib.rs:344:26
[INFO] [stdout]     |
[INFO] [stdout] 344 |                 #[derive(Copy)] pub struct ip6_mreq {
[INFO] [stdout]     |                          ^^^^ the trait `Clone` is not implemented for `ip6_mreq`
[INFO] [stdout]     |
[INFO] [stdout] note: required by a bound in `Copy`
[INFO] [stdout]    --> /rustc/e6e4f7ed1589e03bc2f6c5931c1a72e7947e8682/library/core/src/marker.rs:450:1
[INFO] [stdout]     = note: this error originates in the derive macro `Copy` (in Nightly builds, run with -Z macro-backtrace for more info)
[INFO] [stdout] 
[INFO] [stdout] 
[INFO] [stdout] error[E0277]: the trait bound `addrinfo: Clone` is not satisfied
[INFO] [stdout]    --> /opt/rustwide/cargo-home/registry/src/index.crates.io-6f17d22bba15001f/libc-0.1.4/rust/src/liblibc/lib.rs:349:26
[INFO] [stdout]     |
[INFO] [stdout] 349 |                 #[derive(Copy)] pub struct addrinfo {
[INFO] [stdout]     |                          ^^^^ the trait `Clone` is not implemented for `addrinfo`
[INFO] [stdout]     |
[INFO] [stdout] note: required by a bound in `Copy`
[INFO] [stdout]    --> /rustc/e6e4f7ed1589e03bc2f6c5931c1a72e7947e8682/library/core/src/marker.rs:450:1
[INFO] [stdout]     = note: this error originates in the derive macro `Copy` (in Nightly builds, run with -Z macro-backtrace for more info)
[INFO] [stdout] help: consider annotating `addrinfo` with `#[derive(Clone)]`
[INFO] [stdout]     |
[INFO] [stdout] 349 |                 #[derive(Copy)] #[derive(Clone)]
[INFO] [stdout]     |                                 ++++++++++++++++
[INFO] [stdout] 
[INFO] [stdout] 
[INFO] [stdout] error[E0277]: the trait bound `sockaddr_un: Clone` is not satisfied
[INFO] [stdout]    --> /opt/rustwide/cargo-home/registry/src/index.crates.io-6f17d22bba15001f/libc-0.1.4/rust/src/liblibc/lib.rs:371:26
[INFO] [stdout]     |
[INFO] [stdout] 371 |                 #[derive(Copy)] pub struct sockaddr_un {
[INFO] [stdout]     |                          ^^^^ the trait `Clone` is not implemented for `sockaddr_un`
[INFO] [stdout]     |
[INFO] [stdout] note: required by a bound in `Copy`
[INFO] [stdout]    --> /rustc/e6e4f7ed1589e03bc2f6c5931c1a72e7947e8682/library/core/src/marker.rs:450:1
[INFO] [stdout]     = note: this error originates in the derive macro `Copy` (in Nightly builds, run with -Z macro-backtrace for more info)
[INFO] [stdout] help: consider annotating `sockaddr_un` with `#[derive(Clone)]`
[INFO] [stdout]     |
[INFO] [stdout] 371 |                 #[derive(Copy)] #[derive(Clone)]
[INFO] [stdout]     |                                 ++++++++++++++++
[INFO] [stdout] 
[INFO] [stdout] 
[INFO] [stdout] error[E0277]: the trait bound `ifaddrs: Clone` is not satisfied
[INFO] [stdout]    --> /opt/rustwide/cargo-home/registry/src/index.crates.io-6f17d22bba15001f/libc-0.1.4/rust/src/liblibc/lib.rs:377:26
[INFO] [stdout]     |
[INFO] [stdout] 377 |                 #[derive(Copy)] pub struct ifaddrs {
[INFO] [stdout]     |                          ^^^^ the trait `Clone` is not implemented for `ifaddrs`
[INFO] [stdout]     |
[INFO] [stdout] note: required by a bound in `Copy`
[INFO] [stdout]    --> /rustc/e6e4f7ed1589e03bc2f6c5931c1a72e7947e8682/library/core/src/marker.rs:450:1
[INFO] [stdout]     = note: this error originates in the derive macro `Copy` (in Nightly builds, run with -Z macro-backtrace for more info)
[INFO] [stdout] help: consider annotating `ifaddrs` with `#[derive(Clone)]`
[INFO] [stdout]     |
[INFO] [stdout] 377 |                 #[derive(Copy)] #[derive(Clone)]
[INFO] [stdout]     |                                 ++++++++++++++++
[INFO] [stdout] 
[INFO] [stdout] 
[INFO] [stdout] error[E0277]: the trait bound `types::os::arch::posix01::stat: Clone` is not satisfied
[INFO] [stdout]    --> /opt/rustwide/cargo-home/registry/src/index.crates.io-6f17d22bba15001f/libc-0.1.4/rust/src/liblibc/lib.rs:670:26
[INFO] [stdout]     |
[INFO] [stdout] 670 |                 #[derive(Copy)] pub struct stat {
[INFO] [stdout]     |                          ^^^^ the trait `Clone` is not implemented for `types::os::arch::posix01::stat`
[INFO] [stdout]     |
[INFO] [stdout] note: required by a bound in `Copy`
[INFO] [stdout]    --> /rustc/e6e4f7ed1589e03bc2f6c5931c1a72e7947e8682/library/core/src/marker.rs:450:1
[INFO] [stdout]     = note: this error originates in the derive macro `Copy` (in Nightly builds, run with -Z macro-backtrace for more info)
[INFO] [stdout] help: consider annotating `types::os::arch::posix01::stat` with `#[derive(Clone)]`
[INFO] [stdout]     |
[INFO] [stdout] 670 |                 #[derive(Copy)] #[derive(Clone)]
[INFO] [stdout]     |                                 ++++++++++++++++
[INFO] [stdout] 
[INFO] [stdout] 
[INFO] [stdout] error[E0277]: the trait bound `utimbuf: Clone` is not satisfied
[INFO] [stdout]    --> /opt/rustwide/cargo-home/registry/src/index.crates.io-6f17d22bba15001f/libc-0.1.4/rust/src/liblibc/lib.rs:692:26
[INFO] [stdout]     |
[INFO] [stdout] 692 |                 #[derive(Copy)] pub struct utimbuf {
[INFO] [stdout]     |                          ^^^^ the trait `Clone` is not implemented for `utimbuf`
[INFO] [stdout]     |
[INFO] [stdout] note: required by a bound in `Copy`
[INFO] [stdout]    --> /rustc/e6e4f7ed1589e03bc2f6c5931c1a72e7947e8682/library/core/src/marker.rs:450:1
[INFO] [stdout]     = note: this error originates in the derive macro `Copy` (in Nightly builds, run with -Z macro-backtrace for more info)
[INFO] [stdout] help: consider annotating `utimbuf` with `#[derive(Clone)]`
[INFO] [stdout]     |
[INFO] [stdout] 692 |                 #[derive(Copy)] #[derive(Clone)]
[INFO] [stdout]     |                                 ++++++++++++++++
[INFO] [stdout] 
[INFO] [stdout] 
[INFO] [stdout] error[E0277]: the trait bound `pthread_attr_t: Clone` is not satisfied
[INFO] [stdout]    --> /opt/rustwide/cargo-home/registry/src/index.crates.io-6f17d22bba15001f/libc-0.1.4/rust/src/liblibc/lib.rs:698:26
[INFO] [stdout]     |
[INFO] [stdout] 698 |                 #[derive(Copy)] pub struct pthread_attr_t {
[INFO] [stdout]     |                          ^^^^ the trait `Clone` is not implemented for `pthread_attr_t`
[INFO] [stdout]     |
[INFO] [stdout] note: required by a bound in `Copy`
[INFO] [stdout]    --> /rustc/e6e4f7ed1589e03bc2f6c5931c1a72e7947e8682/library/core/src/marker.rs:450:1
[INFO] [stdout]     = note: this error originates in the derive macro `Copy` (in Nightly builds, run with -Z macro-backtrace for more info)
[INFO] [stdout] help: consider annotating `pthread_attr_t` with `#[derive(Clone)]`
[INFO] [stdout]     |
[INFO] [stdout] 698 |                 #[derive(Copy)] #[derive(Clone)]
[INFO] [stdout]     |                                 ++++++++++++++++
[INFO] [stdout] 
[INFO] [stdout] 
[INFO] [stdout] error[E0277]: the trait bound `sockaddr_ll: Clone` is not satisfied
[INFO] [stdout]    --> /opt/rustwide/cargo-home/registry/src/index.crates.io-6f17d22bba15001f/libc-0.1.4/rust/src/liblibc/lib.rs:753:26
[INFO] [stdout]     |
[INFO] [stdout] 753 |                 #[derive(Copy)] pub struct sockaddr_ll {
[INFO] [stdout]     |                          ^^^^ the trait `Clone` is not implemented for `sockaddr_ll`
[INFO] [stdout]     |
[INFO] [stdout] note: required by a bound in `Copy`
[INFO] [stdout]    --> /rustc/e6e4f7ed1589e03bc2f6c5931c1a72e7947e8682/library/core/src/marker.rs:450:1
[INFO] [stdout]     = note: this error originates in the derive macro `Copy` (in Nightly builds, run with -Z macro-backtrace for more info)
[INFO] [stdout] help: consider annotating `sockaddr_ll` with `#[derive(Clone)]`
[INFO] [stdout]     |
[INFO] [stdout] 753 |                 #[derive(Copy)] #[derive(Clone)]
[INFO] [stdout]     |                                 ++++++++++++++++
[INFO] [stdout] 
[INFO] [stdout] 
[INFO] [stdout] error: aborting due to 21 previous errors
[INFO] [stdout] 
[INFO] [stdout] 
[INFO] [stdout] For more information about this error, try `rustc --explain E0277`.
[INFO] [stdout] 
[INFO] [stderr] error: could not compile `libc` (lib) due to 22 previous errors
[INFO] running `Command { std: "docker" "inspect" "6cc1342c5e723c3244827fe858cc8562a52712d201355e37240b370cfdfc18df", kill_on_drop: false }`
[INFO] running `Command { std: "docker" "rm" "-f" "6cc1342c5e723c3244827fe858cc8562a52712d201355e37240b370cfdfc18df", kill_on_drop: false }`
[INFO] [stdout] 6cc1342c5e723c3244827fe858cc8562a52712d201355e37240b370cfdfc18df
